 and 12.
12
Let v = 28 - 148. Let z be (-10)/(-5) + v/(-3). What is the greatest common divisor of 28 and z?
14
Let v = 122 + -73. Calculate the greatest common divisor of v and 7.
7
Suppose 0 = -4*c - 3*f + 25 + 6, f - 22 = -3*c. What is the highest common factor of c and 14?
7
Let y be 0 + (12 - (-3 - 0)). Calculate the highest common factor of 15 and y.
15
Suppose 3*g + 4*k = 40, k = -5*g + 2*g + 55. Let h(x) = -x + 22. Let b be h(14). Let i be 3*b/12 - -3. What is the highest common factor of i and g?
5
Let a be 44 - (-8 + 6)*(-2)/(-4). What is the greatest common factor of a and 30?
15
Suppose -5*w + t = -80, 3*w + 0*w - 55 = 2*t. Let f(x) = -x. Let y be f(-3). Calculate the highest common factor of w and y.
3
Suppose 2*t = -4, 2*t + 28 = -3*x + 4*x. Let h be (-60)/390 - 2498/(-13). What is the highest common factor of x and h?
24
Suppose 6 = 5*c - 14. Let s(u) = -3 - c + 7*u - 1. Let k be s(8). What is the greatest common divisor of 12 and k?
12
Suppose 8 = -2*d + 36. Let b = d + -7. What is the greatest common divisor of 42 and b?
7
Let m be 6/(-15) + 22/5. Suppose 0*g = -4*h + 5*g + 15, 12 = -m*g. Let c be 1 + 0 - (-5 - h). What is the greatest common factor of c and 66?
6
Suppose 5*g - 35 = -3*h, -h + 14 = g + h. Let r be 22/8*16/g. What is the highest common factor of r and 44?
11
Let s be (-28)/((-24)/10 + 6/3). What is the highest common factor of s and 105?
35
Let g be ((-44)/6)/(6/(-9)). Let c(x) = -x**2 + 5*x. Let v be c(5). Suppose -5*t + v*t = -220. What is the greatest common divisor of g and t?
11
Let x(u) = -6*u - 1. Let h be (-2 - 1)/(6/(-4)). Suppose 0 = 3*m + h*a + 5, -2*m = m - 3*a. Let p be x(m). What is the greatest common divisor of 20 and p?
5
Let u be (46/4)/((-3)/(-6)). Let d = -189 - -281. What is the greatest common factor of u and d?
23
Suppose 2*c = 2 + 8. Suppose b + 1 = 3*t + 21, c*t = 20. Calculate the highest common factor of b and 48.
16
Suppose -2*r = h - 356, 4*h - 192 = 2*r - 3*r. Calculate the greatest common divisor of 22 and r.
22
Let b(j) = j + 7. Let d be b(-5). Let v(g) = -2 - 2*g**2 + 11*g - 3*g + g**d. Let s be v(7). Calculate the highest common factor of s and 35.
5
Let t(r) = 9*r**2 - 7*r - 6. Let s(j) = 3*j**2 - 2*j - 2. Let y(p) = 7*s(p) - 2*t(p). Let z be y(3). What is the highest common factor of z and 10?
5
Let y be (-4)/(-22) - (-262)/11. Let z = -60 - -68. Calculate the greatest common divisor of z and y.
8
Let g(y) = 7*y + 1. Let n be g(1). Suppose 0 = 3*p - n*p + 85. Let k(h) = 13*h + 6. Let u be k(10). Calculate the highest common factor of p and u.
17
Let m be (-4)/(-6)*(-90)/(-4). What is the highest common factor of 10 and m?
5
Let y(u) = -u**3 - 6*u**2 + 6*u + 12. Let p be y(-7). What is the greatest common factor of 95 and p?
19
Suppose -2*b + 6*d - 3*d = -1, 4*b + 5*d - 13 = 0. Let f be (b + 0)*(-3 - -49). What is the greatest common factor of 23 and f?
23
Let m be 3 + 2 + (28 - 3). Suppose a - 5*a - 2*g + m = 0, -a = 4*g - 25. What is the highest common divisor of a and 35?
5
Let o = -1 + -26. Let k = o - 26. Let n be (-1)/(-2 - k/27). Calculate the highest common factor of 9 and n.
9
Suppose 11 + 29 = 2*l. Calculate the greatest common factor of 20 and l.
20
Suppose 0 = -0*z + z - 4. Let o = z - -8. Suppose -2*h + 0*h + 5*t + 188 = 0, 0 = 3*h - 4*t - 268. Calculate the highest common factor of h and o.
12
Let l = -8 + 14. Calculate the greatest common factor of l and 60.
6
Let l(f) = -6*f + 5. Let a be l(-1). What is the greatest common factor of a and 22?
11
Let v = 12 + -8. Suppose 0 = -2*l - 4*y - v, 5*l = -2*y - 26. Let q(x) = x**2 + 5*x + 6. Let w be q(l). Calculate the greatest common divisor of 60 and w.
12
Suppose 5*n - 688 + 288 = 0. Let z(r) = r**3 + 10*r**2 + 13*r - 4. Let i be z(-8). What is the highest common factor of n and i?
20
Let b = 0 + 0. Suppose 6 = -3*h, 4*p + 3*h + 2 = -b*p. Let g be -2 - (2 - 3 - 10). Calculate the greatest common divisor of p and g.
1
Suppose -4*q - 4*c = 16, c = 4*q - c + 16. Let x(i) = i + 10. Let n be x(q). Calculate the highest common factor of 60 and n.
6
Let q be (-4 + 3)/(-1 + 2). Let t = 16 + q. What is the greatest common factor of 15 and t?
15
Let u = -621 - -335. Let l = -196 - u. Let y(j) = -j**3 - j**2 - j + 10. Let n be y(0). What is the greatest common divisor of l and n?
10
Let u be (-2 + 12/3)*2. Suppose -u*l - 4*w = -108, w = l - 0*w - 33. Let s be 73 + (-7 + 3)/(-2). What is the greatest common divisor of s and l?
15
Suppose 4*b + 35 - 11 = 0. Let m(j) = j**3 + 7*j**2 + 4*j + 4. Let a be m(b). Suppose 0 = -0*u + 3*u - 120. What is the highest common divisor of a and u?
8
Let d = -8 - -22. Suppose -2*h = -35 - 35. What is the highest common divisor of d and h?
7
Let c(g) = g + 1. Let s be c(-7). Let l = 7 + s. Calculate the greatest common divisor of l and 3.
1
Let g(k) = 2*k**2 + 4*k. Let r be g(-3). Suppose -v = 3*v + 48. Let i = 30 + v. Calculate the greatest common divisor of r and i.
6
Let t = 3 - -1. Suppose -2*w + t*w - 570 = 0. Suppose -l + w = 2*l. Calculate the greatest common factor of 38 and l.
19
Suppose -4*g + 61 = -171. Calculate the greatest common factor of 145 and g.
29
Suppose 2*i - 2 = 7*i + 2*c, 3*c = -3. Let w = 4 - i. Suppose 4*l = -5*n + 33 - 10, 4*n = 2*l + 8. Calculate the highest common factor of w and l.
2
Let m(x) = x**2 + 9*x + 12. Let t be m(-9). What is the highest common factor of 108 and t?
12
Suppose -3*r + 40 = 2*r. Let w = 130 + -98. Calculate the highest common divisor of w and r.
8
Suppose -116 = -4*h - 5*k, -2*h + h + 16 = -2*k. What is the highest common divisor of 12 and h?
12
Let b = 9 + -4. Calculate the highest common divisor of b and 5.
5
Suppose -12 = -4*j + 2*j. Calculate the greatest common factor of j and 3.
3
Suppose -5*x = -2*x - 4*j - 10, -2*j = x. Suppose -554 = -4*c + x*n, c + 111 = 2*c + 5*n. What is the greatest common factor of 17 and c?
17
Suppose 0 = -5*p - 2*p + 196. Calculate the highest common divisor of p and 140.
28
Let p(w) be the first derivative of 5*w**2/2 + 2*w + 4. Let c be p(8). Let t = 20 - 14. Calculate the highest common factor of c and t.
6
Suppose -2*l = l - 9. Let r(v) = 15*v - 24. Let g(w) = 5*w - 8. Let h(d) = 11*g(d) - 4*r(d). Let t be h(-5). What is the highest common divisor of t and l?
3
Let m be 12 - (4 - 4 - -1). Calculate the greatest common divisor of m and 121.
11
Let f(z) = -z**2 - 8*z - 4. Let g be f(-8). Let x = 13 - g. What is the greatest common divisor of x and 68?
17
Suppose -3*w - 24 = -g - 0*g, w = -5. Calculate the highest common factor of 9 and g.
9
Suppose -r = -6*r + 70. Let f = 52 - 31. What is the highest common factor of f and r?
7
Let j be (-1)/(((-3)/27)/1). Calculate the greatest common factor of j and 3.
3
Suppose 5*h - 2*i - 2 = 3*h, h = 4*i - 5. Let c be (-22)/h - 12/18. Let j = c + 16. What is the greatest common factor of 1 and j?
1
Let n be (4/(-8))/(3/(-258)). Let h = n - 30. Suppose 3*d + 2*d = 4*y + 142, -2*d + 61 = -3*y. What is the greatest common factor of d and h?
13
Suppose 3*f - i + 3*i - 44 = 0, 3*i = 3*f - 54. Let d = -5 + f. Calculate the greatest common divisor of d and 44.
11
Let k = 17 + -9. Calculate the highest common divisor of k and 64.
8
Suppose -2*c + 11 = 3. Suppose -7 = 3*y - c*y. What is the greatest common divisor of y and 7?
7
Suppose -4*l + 412 = 3*i, -6*i + 2*l = -7*i + 134. Suppose -52 = -4*t + 2*t - 4*s, 0 = -5*t + 2*s + 82. What is the greatest common factor of i and t?
18
Let h(d) = 2*d - 7. Let k be h(4). Calculate the greatest common factor of k and 2.
1
Suppose -4*b - 238 = 8*y - 9*y, 3*b - 3 = 0. What is the greatest common divisor of 22 and y?
22
Let j(b) = -13*b + 0 + 1 + 0. Let a be j(-5). Let p = -26 + a. Calculate the greatest common divisor of p and 10.
10
Let s = 6 - -6. What is the greatest common factor of 108 and s?
12
Let d = -5 + 8. Suppose s = -d*s + 108. Calculate the highest common divisor of s and 9.
9
Suppose 7 = 2*f + 1. Let s be (3 + 0)*5/f. Let u = 16 - 15. What is the greatest common factor of u and s?
1
Suppose 2 = -w, 4*w - 55 - 1 = -2*q. Calculate the highest common divisor of 80 and q.
16
Suppose 0 = -6*x + 5*x + 21. What is the greatest common divisor of 14 and x?
7
Let v be (5 - 0/(-1)) + 11. What is the greatest common factor of 2 and v